{"id":252,"date":"2015-11-23T11:43:55","date_gmt":"2015-11-23T10:43:55","guid":{"rendered":"http:\/\/www.guentherfloner.at\/soziokultur\/?page_id=252"},"modified":"2024-03-13T18:38:11","modified_gmt":"2024-03-13T17:38:11","slug":"heilkraeuter-elixiere","status":"publish","type":"page","link":"https:\/\/www.guentherfloner.at\/soziokultur\/heilkraeuter-elixiere\/","title":{"rendered":"Heilkr\u00e4uter-Elixiere"},"content":{"rendered":"<div class=\"wp-block-image\">\r\n<figure class=\"aligncenter size-large\"><a href=\"https:\/\/www.guentherfloner.at\/soziokultur\/wp-content\/uploads\/2024\/03\/heilkraeuterelixieretextsigned1120m717px.jpg\"><img loading=\"lazy\" decoding=\"async\" width=\"1024\" height=\"656\" class=\"wp-image-1571 aligncenter\" src=\"https:\/\/www.guentherfloner.at\/soziokultur\/wp-content\/uploads\/2024\/03\/heilkraeuterelixieretextsigned1120m717px-1024x656.jpg\" alt=\"af b'arha Heilkr\u00e4uter-Elixiere\" srcset=\"https:\/\/www.guentherfloner.at\/soziokultur\/wp-content\/uploads\/2024\/03\/heilkraeuterelixieretextsigned1120m717px-1024x656.jpg 1024w, https:\/\/www.guentherfloner.at\/soziokultur\/wp-content\/uploads\/2024\/03\/heilkraeuterelixieretextsigned1120m717px-300x192.jpg 300w, https:\/\/www.guentherfloner.at\/soziokultur\/wp-content\/uploads\/2024\/03\/heilkraeuterelixieretextsigned1120m717px-768x492.jpg 768w, https:\/\/www.guentherfloner.at\/soziokultur\/wp-content\/uploads\/2024\/03\/heilkraeuterelixieretextsigned1120m717px.jpg 1120w\" sizes=\"auto, (max-width: 1024px) 100vw, 1024px\" \/><\/a>\r\n<figcaption class=\"wp-element-caption\"><em><span style=\"font-family: times new roman, times, serif;\">af b&#8217;arha Heilkr\u00e4uter-Elixiere<\/span><\/em><\/figcaption>\r\n<\/figure>\r\n<\/div>\r\n\r\n\r\n<p>&nbsp;<\/p>\r\n\r\n\r\n\r\n<p class=\"has-text-align-center\" style=\"text-align: center;\"><span style=\"font-size: 16px; font-family: times new roman, times, serif;\">Diese Seite ist ausschlie\u00dflich Mitgliedern des Vereins Soziokultur \u00d6sterreich vorbehalten.<br \/>Heilkr\u00e4uter sind Wesen der Natur. Lebendig und individuell.<br \/>Nur geschulte Personen d\u00fcrfen sie verarbeiten oder gar verwenden.<br \/><\/span><\/p>\r\n<p><span style=\"font-family: times new roman, times, serif;\">\r\n\r\n<\/span><\/p>\r\n<p class=\"has-text-align-center\" style=\"text-align: center;\"><span style=\"font-family: times new roman, times, serif;\">Heilkr\u00e4uter-Elixiere werden in kleinsten Mengen von verschiedensten Pflanzen aus der Natur oder aus dem <a href=\"https:\/\/www.guentherfloner.at\/derkulturgartenwildundfrei\/\" target=\"_blank\" rel=\"noreferrer noopener\">Kulturgarten wild und frei<\/a> hergestellt. <\/span><br \/><span style=\"font-family: times new roman, times, serif;\">Sie sind nur aktiven Mitgliedern des Vereins Soziokultur \u00d6sterreich zug\u00e4nglich.<\/span><\/p>\r\n\r\n\r\n<div class=\"wp-block-image\">\r\n<figure class=\"aligncenter\"><img loading=\"lazy\" decoding=\"async\" width=\"720\" height=\"484\" class=\"wp-image-1318 aligncenter\" src=\"https:\/\/www.guentherfloner.at\/soziokultur\/wp-content\/uploads\/2019\/02\/heilkraeuterelixiere03.new2019.ambaumstamm720m848px.jpg\" alt=\"Heilkr\u00e4uter-Elixiere - Am Baumstamm\" srcset=\"https:\/\/www.guentherfloner.at\/soziokultur\/wp-content\/uploads\/2019\/02\/heilkraeuterelixiere03.new2019.ambaumstamm720m848px.jpg 720w, https:\/\/www.guentherfloner.at\/soziokultur\/wp-content\/uploads\/2019\/02\/heilkraeuterelixiere03.new2019.ambaumstamm720m848px-300x202.jpg 300w\" sizes=\"auto, (max-width: 720px) 100vw, 720px\" \/><\/figure>\r\n<\/div>\r\n\r\n\r\n<p>&nbsp;<\/p>\r\n\r\n\r\n\r\n<p>Wenn Sie Interesse haben, wenden Sie sich bitte per E-mail an G\u00fcnther Floner, dem Vorsitzenden und Verantwortlichen des Vereins.<\/p>\r\n\r\n\r\n\r\n<p class=\"has-text-align-center\"><a href=\"mailto:info@guentherfloner.at\">info@guentherfloner.at<\/a><\/p>\r\n\r\n\r\n\r\n<p>&nbsp;<\/p>\r\n\r\n\r\n<div class=\"wp-block-image\">\r\n<figure class=\"alignright size-full\"><a href=\"https:\/\/www.guentherfloner.at\/soziokultur\/\"><img loading=\"lazy\" decoding=\"async\" width=\"300\" height=\"50\" class=\"wp-image-1595\" src=\"https:\/\/www.guentherfloner.at\/soziokultur\/wp-content\/uploads\/2024\/03\/zurueckzurstartseite.grau300m50px.jpg\" alt=\"zur\u00fcck zur Startseite\" \/><\/a><\/figure>\r\n<\/div>\r\n\r\n\r\n<p>&nbsp;<\/p>\r\n","protected":false},"excerpt":{"rendered":"<p>&nbsp; Diese Seite ist ausschlie\u00dflich Mitgliedern des Vereins Soziokultur \u00d6sterreich vorbehalten.Heilkr\u00e4uter sind Wesen der Natur. Lebendig und individuell.Nur geschulte Personen d\u00fcrfen sie verarbeiten oder gar verwenden. Heilkr\u00e4uter-Elixiere werden in kleinsten Mengen von verschiedensten Pflanzen&#46;&#46;&#46;<\/p>\n","protected":false},"author":1,"featured_media":1318,"parent":0,"menu_order":0,"comment_status":"closed","ping_status":"closed","template":"","meta":{"footnotes":""},"class_list":["post-252","page","type-page","status-publish","has-post-thumbnail","hentry"],"_links":{"self":[{"href":"https:\/\/www.guentherfloner.at\/soziokultur\/wp-json\/wp\/v2\/pages\/252","targetHints":{"allow":["GET"]}}],"collection":[{"href":"https:\/\/www.guentherfloner.at\/soziokultur\/wp-json\/wp\/v2\/pages"}],"about":[{"href":"https:\/\/www.guentherfloner.at\/soziokultur\/wp-json\/wp\/v2\/types\/page"}],"author":[{"embeddable":true,"href":"https:\/\/www.guentherfloner.at\/soziokultur\/wp-json\/wp\/v2\/users\/1"}],"replies":[{"embeddable":true,"href":"https:\/\/www.guentherfloner.at\/soziokultur\/wp-json\/wp\/v2\/comments?post=252"}],"version-history":[{"count":4,"href":"https:\/\/www.guentherfloner.at\/soziokultur\/wp-json\/wp\/v2\/pages\/252\/revisions"}],"predecessor-version":[{"id":1697,"href":"https:\/\/www.guentherfloner.at\/soziokultur\/wp-json\/wp\/v2\/pages\/252\/revisions\/1697"}],"wp:featuredmedia":[{"embeddable":true,"href":"https:\/\/www.guentherfloner.at\/soziokultur\/wp-json\/wp\/v2\/media\/1318"}],"wp:attachment":[{"href":"https:\/\/www.guentherfloner.at\/soziokultur\/wp-json\/wp\/v2\/media?parent=252"}],"curies":[{"name":"wp","href":"https:\/\/api.w.org\/{rel}","templated":true}]}}