{"id":1257,"date":"2018-12-11T12:00:46","date_gmt":"2018-12-11T11:00:46","guid":{"rendered":"https:\/\/www.guentherfloner.at\/soziokultur\/?page_id=1257"},"modified":"2020-06-08T11:36:22","modified_gmt":"2020-06-08T09:36:22","slug":"kunst-und-kultur-in-niederoesterreich","status":"publish","type":"page","link":"https:\/\/www.guentherfloner.at\/soziokultur\/kunst-und-kultur-in-niederoesterreich\/","title":{"rendered":"Kunst und Kultur in Nieder\u00f6sterreich"},"content":{"rendered":"\r\n<p>Die beiden bildenden K\u00fcnstler <a href=\"http:\/\/www.guentherfloner.at\/sabinefloner.at\/\" target=\"_blank\" rel=\"noreferrer noopener\">Sabine Floner<\/a> und <a href=\"http:\/\/www.guentherfloner.at\/\" target=\"_blank\" rel=\"noreferrer noopener\">G\u00fcnther Floner<\/a> sind 2015 in die Bucklige Welt gekommen. Sie sind in ein uraltes Haus gezogen &#8211; sein wirkliches Alter l\u00e4sst sich nicht mehr klar eruieren &#8211; das direkt an der Bundesstra\u00dfe 54 gelegen ist. Beide hatten sich vorerst eigentlich einen ruhigen, romantischen Ort zum Arbeiten und Leben vorgestellt, aber das Schicksal hatte diesen Weg vorgezeichnet und das ist gut so.<br \/>Die ersten drei Jahre hier in der Buckligen Welt waren gekennzeichnet durch schwere, k\u00f6rperlich anstrengende Strukturarbeiten, durch Planung und Konzeption des alten Steinhauses selbst und auch und vor allem eines essbaren Naturgartens rundherum.<\/p>\r\n\r\n\r\n\r\n<div class=\"wp-block-image\">\r\n<figure class=\"aligncenter\"><img loading=\"lazy\" decoding=\"async\" width=\"720\" height=\"529\" class=\"wp-image-1215\" src=\"https:\/\/www.guentherfloner.at\/soziokultur\/wp-content\/uploads\/2018\/08\/diekleineburg.zeichnung01.720m529px.jpg\" alt=\"Die kleine Burg - Das leise Kulturhaus - Zeichnung von Sabine Floner\" srcset=\"https:\/\/www.guentherfloner.at\/soziokultur\/wp-content\/uploads\/2018\/08\/diekleineburg.zeichnung01.720m529px.jpg 720w, https:\/\/www.guentherfloner.at\/soziokultur\/wp-content\/uploads\/2018\/08\/diekleineburg.zeichnung01.720m529px-300x220.jpg 300w\" sizes=\"auto, (max-width: 720px) 100vw, 720px\" \/><\/figure>\r\n<\/div>\r\n\r\n\r\n\r\n<p>Die Aufbau- und Weiterentwicklungsarbeiten sind auch 2020 noch voll im Gange und werden und sollen sobald kein Ende finden.<br \/>Inzwischen steht ein Besucher-Empfangsraum im ruhigeren, stra\u00dfenabgewandten Obergescho\u00df und seit Sommer 2018 \u00a0<a href=\"http:\/\/www.guentherfloner.at\/der-kulturgarten\/\">Der Kulturgarten wild&amp;frei<\/a>\u00a0 offen. <br \/>F\u00fcr alle, die schon in der Entstehungs- und Entwicklungszeit von\u00a0 <a href=\"https:\/\/www.google.at\/maps\/place\/Verein+Soziokultur\/@47.6527417,13.3345649,7z\/data=!4m8!1m2!2m1!1sVerein+soziokultur!3m4!1s0x0:0x131fbbf8f2066d6f!8m2!3d47.6598379!4d16.1286163?hl=de\" target=\"_blank\" rel=\"noreferrer noopener\">Die kleine Burg &#8211; Das leise Kulturhaus<\/a>\u00a0 Anteil nehmen m\u00f6chten, steht nach telefonischer Anmeldung oder auch einer Email-Mitteilung die T\u00fcr offen.<\/p>\r\n\r\n\r\n\r\n<p>Telefon: +43 (0) 660 &#8211; 52 82 058<\/p>\r\n\r\n\r\n\r\n<p><a href=\"mailto:info@guentherfloner.at\">info@guentherfloner.at<\/a><\/p>\r\n\r\n\r\n\r\n<p>Nachsatz: Die Bucklige Welt ist ein waldreiches H\u00fcgelland im S\u00fcdosten von Nieder\u00f6sterreich, Austria.<br \/><a href=\"https:\/\/www.google.at\/maps\/place\/Verein+Soziokultur\/@47.6527417,13.3345649,7z\/data=!4m8!1m2!2m1!1sVerein+soziokultur!3m4!1s0x0:0x131fbbf8f2066d6f!8m2!3d47.6598379!4d16.1286163?hl=de\" target=\"_blank\" rel=\"noreferrer noopener\">Das Kulturhaus\u00a0 <em>Die kleine Burg<\/em>\u00a0<\/a> ist auch der Sitz des <a href=\"http:\/\/www.guentherfloner.at\/soziokultur\/\" target=\"_blank\" rel=\"noreferrer noopener\">Vereins Soziokultur<\/a>, dessen Ziel die Bewusstseinsf\u00f6rderung f\u00fcr ein einfaches, naturverbundenes und natursch\u00fctzendes Leben und die unbegrenzte kulturelle und geistige Weiterentwicklung des Menschen ist.<\/p>\r\n","protected":false},"excerpt":{"rendered":"<p>Die beiden bildenden K\u00fcnstler Sabine Floner und G\u00fcnther Floner sind 2015 in die Bucklige Welt gekommen. Sie sind in ein uraltes Haus gezogen &#8211; sein wirkliches Alter l\u00e4sst sich nicht mehr klar eruieren &#8211;&#46;&#46;&#46;<\/p>\n","protected":false},"author":1,"featured_media":1388,"parent":0,"menu_order":0,"comment_status":"closed","ping_status":"open","template":"","meta":{"footnotes":""},"class_list":["post-1257","page","type-page","status-publish","has-post-thumbnail","hentry"],"_links":{"self":[{"href":"https:\/\/www.guentherfloner.at\/soziokultur\/wp-json\/wp\/v2\/pages\/1257","targetHints":{"allow":["GET"]}}],"collection":[{"href":"https:\/\/www.guentherfloner.at\/soziokultur\/wp-json\/wp\/v2\/pages"}],"about":[{"href":"https:\/\/www.guentherfloner.at\/soziokultur\/wp-json\/wp\/v2\/types\/page"}],"author":[{"embeddable":true,"href":"https:\/\/www.guentherfloner.at\/soziokultur\/wp-json\/wp\/v2\/users\/1"}],"replies":[{"embeddable":true,"href":"https:\/\/www.guentherfloner.at\/soziokultur\/wp-json\/wp\/v2\/comments?post=1257"}],"version-history":[{"count":0,"href":"https:\/\/www.guentherfloner.at\/soziokultur\/wp-json\/wp\/v2\/pages\/1257\/revisions"}],"wp:featuredmedia":[{"embeddable":true,"href":"https:\/\/www.guentherfloner.at\/soziokultur\/wp-json\/wp\/v2\/media\/1388"}],"wp:attachment":[{"href":"https:\/\/www.guentherfloner.at\/soziokultur\/wp-json\/wp\/v2\/media?parent=1257"}],"curies":[{"name":"wp","href":"https:\/\/api.w.org\/{rel}","templated":true}]}}